{"id":818,"date":"2020-06-09T18:19:29","date_gmt":"2020-06-09T16:19:29","guid":{"rendered":"http:\/\/www.yachttransfer.eu\/1703\/?page_id=818"},"modified":"2020-06-09T18:19:29","modified_gmt":"2020-06-09T16:19:29","slug":"heidi","status":"publish","type":"page","link":"http:\/\/www.yachttransfer.eu\/1703\/heidi\/","title":{"rendered":"Heidi"},"content":{"rendered":"<p>Die<img loading=\"lazy\" decoding=\"async\" class=\" wp-image-819 alignright\" src=\"http:\/\/www.yachttransfer.eu\/1703\/wp-content\/uploads\/2020\/06\/Heidi-228x300-1.jpg\" alt=\"\" width=\"164\" height=\"216\" \/> Ruhe die Heidi auch in herausfordernden Situationen ausstrahlt, spring auf die ganze Crew \u00fcber. Seglerisch kompetent \u00fcbernimmt sie Verantwortung, die M\u00e4nner an Bord\u00a0 folgen gerne ihren Kommandos.<\/p>\n<p>&nbsp;<\/p>\n<p>IC Ocean worldwide<\/p>\n<p><strong>Atlantic experience:<br \/>\n<\/strong>Atlantic experience (Azores \u2013 Lisbon)<br \/>\nEnglish Channel<br \/>\nCaribic<\/p>\n<p><strong>Profession:<br \/>\n<\/strong>Bank management<\/p>\n","protected":false},"excerpt":{"rendered":"<p>Die Ruhe die Heidi auch in herausfordernden Situationen ausstrahlt, spring auf die ganze Crew \u00fcber. Seglerisch kompetent \u00fcbernimmt sie Verantwortung, die M\u00e4nner an Bord\u00a0 folgen gerne ihren Kommandos. &nbsp; IC Ocean worldwide Atlantic experience: Atlantic experience (Azores \u2013 Lisbon) English Channel Caribic Profession: Bank management<\/p>\n","protected":false},"author":1,"featured_media":0,"parent":0,"menu_order":0,"comment_status":"closed","ping_status":"closed","template":"","meta":{"footnotes":""},"class_list":["post-818","page","type-page","status-publish","hentry","nodate","item-wrap"],"yoast_head":"<!-- This site is optimized with the Yoast SEO plugin v27.5 - https:\/\/yoast.com\/product\/yoast-seo-wordpress\/ -->\n<title>Heidi -<\/title>\n<meta name=\"robots\" content=\"index, follow, max-snippet:-1, max-image-preview:large, max-video-preview:-1\" \/>\n<link rel=\"canonical\" href=\"http:\/\/www.yachttransfer.eu\/1703\/heidi\/\" \/>\n<meta property=\"og:locale\" content=\"de_DE\" \/>\n<meta property=\"og:type\" content=\"article\" \/>\n<meta property=\"og:title\" content=\"Heidi -\" \/>\n<meta property=\"og:description\" content=\"Die Ruhe die Heidi auch in herausfordernden Situationen ausstrahlt, spring auf die ganze Crew \u00fcber. Seglerisch kompetent \u00fcbernimmt sie Verantwortung, die M\u00e4nner an Bord\u00a0 folgen gerne ihren Kommandos. &nbsp; IC Ocean worldwide Atlantic experience: Atlantic experience (Azores \u2013 Lisbon) English Channel Caribic Profession: Bank management\" \/>\n<meta property=\"og:url\" content=\"http:\/\/www.yachttransfer.eu\/1703\/heidi\/\" \/>\n<meta property=\"og:image\" content=\"http:\/\/www.yachttransfer.eu\/1703\/wp-content\/uploads\/2020\/06\/Heidi-228x300-1.jpg\" \/>\n<meta name=\"twitter:card\" content=\"summary_large_image\" \/>\n<script type=\"application\/ld+json\" class=\"yoast-schema-graph\">{\"@context\":\"https:\\\/\\\/schema.org\",\"@graph\":[{\"@type\":\"WebPage\",\"@id\":\"http:\\\/\\\/www.yachttransfer.eu\\\/1703\\\/heidi\\\/\",\"url\":\"http:\\\/\\\/www.yachttransfer.eu\\\/1703\\\/heidi\\\/\",\"name\":\"Heidi -\",\"isPartOf\":{\"@id\":\"http:\\\/\\\/www.yachttransfer.eu\\\/1703\\\/#website\"},\"primaryImageOfPage\":{\"@id\":\"http:\\\/\\\/www.yachttransfer.eu\\\/1703\\\/heidi\\\/#primaryimage\"},\"image\":{\"@id\":\"http:\\\/\\\/www.yachttransfer.eu\\\/1703\\\/heidi\\\/#primaryimage\"},\"thumbnailUrl\":\"http:\\\/\\\/www.yachttransfer.eu\\\/1703\\\/wp-content\\\/uploads\\\/2020\\\/06\\\/Heidi-228x300-1.jpg\",\"datePublished\":\"2020-06-09T16:19:29+00:00\",\"breadcrumb\":{\"@id\":\"http:\\\/\\\/www.yachttransfer.eu\\\/1703\\\/heidi\\\/#breadcrumb\"},\"inLanguage\":\"de\",\"potentialAction\":[{\"@type\":\"ReadAction\",\"target\":[\"http:\\\/\\\/www.yachttransfer.eu\\\/1703\\\/heidi\\\/\"]}]},{\"@type\":\"ImageObject\",\"inLanguage\":\"de\",\"@id\":\"http:\\\/\\\/www.yachttransfer.eu\\\/1703\\\/heidi\\\/#primaryimage\",\"url\":\"http:\\\/\\\/www.yachttransfer.eu\\\/1703\\\/wp-content\\\/uploads\\\/2020\\\/06\\\/Heidi-228x300-1.jpg\",\"contentUrl\":\"http:\\\/\\\/www.yachttransfer.eu\\\/1703\\\/wp-content\\\/uploads\\\/2020\\\/06\\\/Heidi-228x300-1.jpg\",\"width\":228,\"height\":300},{\"@type\":\"BreadcrumbList\",\"@id\":\"http:\\\/\\\/www.yachttransfer.eu\\\/1703\\\/heidi\\\/#breadcrumb\",\"itemListElement\":[{\"@type\":\"ListItem\",\"position\":1,\"name\":\"Startseite\",\"item\":\"http:\\\/\\\/www.yachttransfer.eu\\\/1703\\\/\"},{\"@type\":\"ListItem\",\"position\":2,\"name\":\"Heidi\"}]},{\"@type\":\"WebSite\",\"@id\":\"http:\\\/\\\/www.yachttransfer.eu\\\/1703\\\/#website\",\"url\":\"http:\\\/\\\/www.yachttransfer.eu\\\/1703\\\/\",\"name\":\"\",\"description\":\"\",\"potentialAction\":[{\"@type\":\"SearchAction\",\"target\":{\"@type\":\"EntryPoint\",\"urlTemplate\":\"http:\\\/\\\/www.yachttransfer.eu\\\/1703\\\/?s={search_term_string}\"},\"query-input\":{\"@type\":\"PropertyValueSpecification\",\"valueRequired\":true,\"valueName\":\"search_term_string\"}}],\"inLanguage\":\"de\"}]}<\/script>\n<!-- \/ Yoast SEO plugin. -->","yoast_head_json":{"title":"Heidi -","robots":{"index":"index","follow":"follow","max-snippet":"max-snippet:-1","max-image-preview":"max-image-preview:large","max-video-preview":"max-video-preview:-1"},"canonical":"http:\/\/www.yachttransfer.eu\/1703\/heidi\/","og_locale":"de_DE","og_type":"article","og_title":"Heidi -","og_description":"Die Ruhe die Heidi auch in herausfordernden Situationen ausstrahlt, spring auf die ganze Crew \u00fcber. Seglerisch kompetent \u00fcbernimmt sie Verantwortung, die M\u00e4nner an Bord\u00a0 folgen gerne ihren Kommandos. &nbsp; IC Ocean worldwide Atlantic experience: Atlantic experience (Azores \u2013 Lisbon) English Channel Caribic Profession: Bank management","og_url":"http:\/\/www.yachttransfer.eu\/1703\/heidi\/","og_image":[{"url":"http:\/\/www.yachttransfer.eu\/1703\/wp-content\/uploads\/2020\/06\/Heidi-228x300-1.jpg","type":"","width":"","height":""}],"twitter_card":"summary_large_image","schema":{"@context":"https:\/\/schema.org","@graph":[{"@type":"WebPage","@id":"http:\/\/www.yachttransfer.eu\/1703\/heidi\/","url":"http:\/\/www.yachttransfer.eu\/1703\/heidi\/","name":"Heidi -","isPartOf":{"@id":"http:\/\/www.yachttransfer.eu\/1703\/#website"},"primaryImageOfPage":{"@id":"http:\/\/www.yachttransfer.eu\/1703\/heidi\/#primaryimage"},"image":{"@id":"http:\/\/www.yachttransfer.eu\/1703\/heidi\/#primaryimage"},"thumbnailUrl":"http:\/\/www.yachttransfer.eu\/1703\/wp-content\/uploads\/2020\/06\/Heidi-228x300-1.jpg","datePublished":"2020-06-09T16:19:29+00:00","breadcrumb":{"@id":"http:\/\/www.yachttransfer.eu\/1703\/heidi\/#breadcrumb"},"inLanguage":"de","potentialAction":[{"@type":"ReadAction","target":["http:\/\/www.yachttransfer.eu\/1703\/heidi\/"]}]},{"@type":"ImageObject","inLanguage":"de","@id":"http:\/\/www.yachttransfer.eu\/1703\/heidi\/#primaryimage","url":"http:\/\/www.yachttransfer.eu\/1703\/wp-content\/uploads\/2020\/06\/Heidi-228x300-1.jpg","contentUrl":"http:\/\/www.yachttransfer.eu\/1703\/wp-content\/uploads\/2020\/06\/Heidi-228x300-1.jpg","width":228,"height":300},{"@type":"BreadcrumbList","@id":"http:\/\/www.yachttransfer.eu\/1703\/heidi\/#breadcrumb","itemListElement":[{"@type":"ListItem","position":1,"name":"Startseite","item":"http:\/\/www.yachttransfer.eu\/1703\/"},{"@type":"ListItem","position":2,"name":"Heidi"}]},{"@type":"WebSite","@id":"http:\/\/www.yachttransfer.eu\/1703\/#website","url":"http:\/\/www.yachttransfer.eu\/1703\/","name":"","description":"","potentialAction":[{"@type":"SearchAction","target":{"@type":"EntryPoint","urlTemplate":"http:\/\/www.yachttransfer.eu\/1703\/?s={search_term_string}"},"query-input":{"@type":"PropertyValueSpecification","valueRequired":true,"valueName":"search_term_string"}}],"inLanguage":"de"}]}},"_links":{"self":[{"href":"http:\/\/www.yachttransfer.eu\/1703\/wp-json\/wp\/v2\/pages\/818","targetHints":{"allow":["GET"]}}],"collection":[{"href":"http:\/\/www.yachttransfer.eu\/1703\/wp-json\/wp\/v2\/pages"}],"about":[{"href":"http:\/\/www.yachttransfer.eu\/1703\/wp-json\/wp\/v2\/types\/page"}],"author":[{"embeddable":true,"href":"http:\/\/www.yachttransfer.eu\/1703\/wp-json\/wp\/v2\/users\/1"}],"replies":[{"embeddable":true,"href":"http:\/\/www.yachttransfer.eu\/1703\/wp-json\/wp\/v2\/comments?post=818"}],"version-history":[{"count":1,"href":"http:\/\/www.yachttransfer.eu\/1703\/wp-json\/wp\/v2\/pages\/818\/revisions"}],"predecessor-version":[{"id":820,"href":"http:\/\/www.yachttransfer.eu\/1703\/wp-json\/wp\/v2\/pages\/818\/revisions\/820"}],"wp:attachment":[{"href":"http:\/\/www.yachttransfer.eu\/1703\/wp-json\/wp\/v2\/media?parent=818"}],"curies":[{"name":"wp","href":"https:\/\/api.w.org\/{rel}","templated":true}]}}