{"id":782,"date":"2020-01-07T09:54:41","date_gmt":"2020-01-07T08:54:41","guid":{"rendered":"http:\/\/www.yachttransfer.eu\/1703\/?page_id=782"},"modified":"2020-01-07T10:00:24","modified_gmt":"2020-01-07T09:00:24","slug":"erich","status":"publish","type":"page","link":"http:\/\/www.yachttransfer.eu\/1703\/skipperteam\/ueberstellung\/erich\/","title":{"rendered":"Erich"},"content":{"rendered":"<p><img loading=\"lazy\" decoding=\"async\" class=\" wp-image-783 alignright\" src=\"http:\/\/www.yachttransfer.eu\/1703\/wp-content\/uploads\/2020\/01\/Erich3-231x300.jpg\" alt=\"\" width=\"179\" height=\"232\" srcset=\"http:\/\/www.yachttransfer.eu\/1703\/wp-content\/uploads\/2020\/01\/Erich3-231x300.jpg 231w, http:\/\/www.yachttransfer.eu\/1703\/wp-content\/uploads\/2020\/01\/Erich3.jpg 323w\" sizes=\"auto, (max-width: 179px) 100vw, 179px\" \/>Erich ist unser Spezialist f\u00fcr weltweite \u00dcberstellungen und ein seem\u00e4nnisches Universalgenie. Seine unterschiedlichen Kompetenzen sind eine Bereicherung und Sicherheitsfaktor bei jeder \u00dcberstellung.<br \/>\n&#8211; Als Trainer f\u00fcr Astronavigation mit viel praktischer Erfahrung bringt er das Schiff sicher in den n\u00e4chsten Hafen, auch wenn alle GPS-Instrumente versagen.<br \/>\n&#8211; Als gelernter Elektriker kann ihn ein Problem mit der Elektronik nicht aus der Ruhe bringen<br \/>\n&#8211; Als Sanit\u00e4ter des Roten Kreuzes hat er bei internationalen Eins\u00e4tzen seine notfallmedizinischen Kenntnisse gut einsetzen k\u00f6nnen.<br \/>\n&#8211; Als Spezialist f\u00fcr Brotbacken an Bord sorgt er daf\u00fcr, dass selbst bei langen T\u00f6rns\u00a0 niemand an Hunger leidet.<\/p>\n<p><strong>Erfahrung und Berechtigung<br \/>\n(<\/strong>Education and certificates):<\/p>\n<p>\u2013 IC Ocean\u2013 International Certificate \u2013 Sail &amp; Power<br \/>\n\u2013 YCA Sailing Instructor Offshore<br \/>\n\u2013 GMDSS (SRC, LRC)<br \/>\n\u2013 ISAF Offshore Personal Survival Training 2017<br \/>\n\u2013 Skipper Medic Advanced<br \/>\n\u2013 Pyrotechnik Berechtigung (P2)<\/p>\n<p>Multiple Atlantic experience<br \/>\n\u00dcberstellungen<br \/>\nEnglish Channel<br \/>\nOffshore Instructor<\/p>\n","protected":false},"excerpt":{"rendered":"<p>Erich ist unser Spezialist f\u00fcr weltweite \u00dcberstellungen und ein seem\u00e4nnisches Universalgenie. Seine unterschiedlichen Kompetenzen sind eine Bereicherung und Sicherheitsfaktor bei jeder \u00dcberstellung. &#8211; Als Trainer f\u00fcr Astronavigation mit viel praktischer Erfahrung bringt er das Schiff sicher in den n\u00e4chsten Hafen, auch wenn alle GPS-Instrumente versagen. &#8211; Als gelernter Elektriker kann ihn ein Problem mit der &hellip; <\/p>\n<p><a class=\"more-link btn\" href=\"http:\/\/www.yachttransfer.eu\/1703\/skipperteam\/ueberstellung\/erich\/\">Weiterlesen<\/a><\/p>\n","protected":false},"author":1,"featured_media":0,"parent":128,"menu_order":4,"comment_status":"closed","ping_status":"closed","template":"","meta":{"footnotes":""},"class_list":["post-782","page","type-page","status-publish","hentry","nodate","item-wrap"],"yoast_head":"<!-- This site is optimized with the Yoast SEO plugin v27.4 - https:\/\/yoast.com\/product\/yoast-seo-wordpress\/ -->\n<title>Erich -<\/title>\n<meta name=\"robots\" content=\"index, follow, max-snippet:-1, max-image-preview:large, max-video-preview:-1\" \/>\n<link rel=\"canonical\" href=\"http:\/\/www.yachttransfer.eu\/1703\/skipperteam\/ueberstellung\/erich\/\" \/>\n<meta property=\"og:locale\" content=\"de_DE\" \/>\n<meta property=\"og:type\" content=\"article\" \/>\n<meta property=\"og:title\" content=\"Erich -\" \/>\n<meta property=\"og:description\" content=\"Erich ist unser Spezialist f\u00fcr weltweite \u00dcberstellungen und ein seem\u00e4nnisches Universalgenie. Seine unterschiedlichen Kompetenzen sind eine Bereicherung und Sicherheitsfaktor bei jeder \u00dcberstellung. &#8211; Als Trainer f\u00fcr Astronavigation mit viel praktischer Erfahrung bringt er das Schiff sicher in den n\u00e4chsten Hafen, auch wenn alle GPS-Instrumente versagen. &#8211; Als gelernter Elektriker kann ihn ein Problem mit der &hellip; Weiterlesen\" \/>\n<meta property=\"og:url\" content=\"http:\/\/www.yachttransfer.eu\/1703\/skipperteam\/ueberstellung\/erich\/\" \/>\n<meta property=\"article:modified_time\" content=\"2020-01-07T09:00:24+00:00\" \/>\n<meta property=\"og:image\" content=\"http:\/\/www.yachttransfer.eu\/1703\/wp-content\/uploads\/2020\/01\/Erich3-231x300.jpg\" \/>\n<meta name=\"twitter:card\" content=\"summary_large_image\" \/>\n<meta name=\"twitter:label1\" content=\"Gesch\u00e4tzte Lesezeit\" \/>\n\t<meta name=\"twitter:data1\" content=\"1\u00a0Minute\" \/>\n<script type=\"application\/ld+json\" class=\"yoast-schema-graph\">{\"@context\":\"https:\\\/\\\/schema.org\",\"@graph\":[{\"@type\":\"WebPage\",\"@id\":\"http:\\\/\\\/www.yachttransfer.eu\\\/1703\\\/skipperteam\\\/ueberstellung\\\/erich\\\/\",\"url\":\"http:\\\/\\\/www.yachttransfer.eu\\\/1703\\\/skipperteam\\\/ueberstellung\\\/erich\\\/\",\"name\":\"Erich -\",\"isPartOf\":{\"@id\":\"http:\\\/\\\/www.yachttransfer.eu\\\/1703\\\/#website\"},\"primaryImageOfPage\":{\"@id\":\"http:\\\/\\\/www.yachttransfer.eu\\\/1703\\\/skipperteam\\\/ueberstellung\\\/erich\\\/#primaryimage\"},\"image\":{\"@id\":\"http:\\\/\\\/www.yachttransfer.eu\\\/1703\\\/skipperteam\\\/ueberstellung\\\/erich\\\/#primaryimage\"},\"thumbnailUrl\":\"http:\\\/\\\/www.yachttransfer.eu\\\/1703\\\/wp-content\\\/uploads\\\/2020\\\/01\\\/Erich3-231x300.jpg\",\"datePublished\":\"2020-01-07T08:54:41+00:00\",\"dateModified\":\"2020-01-07T09:00:24+00:00\",\"breadcrumb\":{\"@id\":\"http:\\\/\\\/www.yachttransfer.eu\\\/1703\\\/skipperteam\\\/ueberstellung\\\/erich\\\/#breadcrumb\"},\"inLanguage\":\"de\",\"potentialAction\":[{\"@type\":\"ReadAction\",\"target\":[\"http:\\\/\\\/www.yachttransfer.eu\\\/1703\\\/skipperteam\\\/ueberstellung\\\/erich\\\/\"]}]},{\"@type\":\"ImageObject\",\"inLanguage\":\"de\",\"@id\":\"http:\\\/\\\/www.yachttransfer.eu\\\/1703\\\/skipperteam\\\/ueberstellung\\\/erich\\\/#primaryimage\",\"url\":\"http:\\\/\\\/www.yachttransfer.eu\\\/1703\\\/wp-content\\\/uploads\\\/2020\\\/01\\\/Erich3.jpg\",\"contentUrl\":\"http:\\\/\\\/www.yachttransfer.eu\\\/1703\\\/wp-content\\\/uploads\\\/2020\\\/01\\\/Erich3.jpg\",\"width\":323,\"height\":419},{\"@type\":\"BreadcrumbList\",\"@id\":\"http:\\\/\\\/www.yachttransfer.eu\\\/1703\\\/skipperteam\\\/ueberstellung\\\/erich\\\/#breadcrumb\",\"itemListElement\":[{\"@type\":\"ListItem\",\"position\":1,\"name\":\"Startseite\",\"item\":\"http:\\\/\\\/www.yachttransfer.eu\\\/1703\\\/\"},{\"@type\":\"ListItem\",\"position\":2,\"name\":\"\u00dcber uns\",\"item\":\"https:\\\/\\\/www.yachttransfer.eu\\\/1703\\\/skipperteam\\\/\"},{\"@type\":\"ListItem\",\"position\":3,\"name\":\"Das Team\",\"item\":\"http:\\\/\\\/www.yachttransfer.eu\\\/1703\\\/skipperteam\\\/ueberstellung\\\/\"},{\"@type\":\"ListItem\",\"position\":4,\"name\":\"Erich\"}]},{\"@type\":\"WebSite\",\"@id\":\"http:\\\/\\\/www.yachttransfer.eu\\\/1703\\\/#website\",\"url\":\"http:\\\/\\\/www.yachttransfer.eu\\\/1703\\\/\",\"name\":\"\",\"description\":\"\",\"potentialAction\":[{\"@type\":\"SearchAction\",\"target\":{\"@type\":\"EntryPoint\",\"urlTemplate\":\"http:\\\/\\\/www.yachttransfer.eu\\\/1703\\\/?s={search_term_string}\"},\"query-input\":{\"@type\":\"PropertyValueSpecification\",\"valueRequired\":true,\"valueName\":\"search_term_string\"}}],\"inLanguage\":\"de\"}]}<\/script>\n<!-- \/ Yoast SEO plugin. -->","yoast_head_json":{"title":"Erich -","robots":{"index":"index","follow":"follow","max-snippet":"max-snippet:-1","max-image-preview":"max-image-preview:large","max-video-preview":"max-video-preview:-1"},"canonical":"http:\/\/www.yachttransfer.eu\/1703\/skipperteam\/ueberstellung\/erich\/","og_locale":"de_DE","og_type":"article","og_title":"Erich -","og_description":"Erich ist unser Spezialist f\u00fcr weltweite \u00dcberstellungen und ein seem\u00e4nnisches Universalgenie. Seine unterschiedlichen Kompetenzen sind eine Bereicherung und Sicherheitsfaktor bei jeder \u00dcberstellung. &#8211; Als Trainer f\u00fcr Astronavigation mit viel praktischer Erfahrung bringt er das Schiff sicher in den n\u00e4chsten Hafen, auch wenn alle GPS-Instrumente versagen. &#8211; Als gelernter Elektriker kann ihn ein Problem mit der &hellip; Weiterlesen","og_url":"http:\/\/www.yachttransfer.eu\/1703\/skipperteam\/ueberstellung\/erich\/","article_modified_time":"2020-01-07T09:00:24+00:00","og_image":[{"url":"http:\/\/www.yachttransfer.eu\/1703\/wp-content\/uploads\/2020\/01\/Erich3-231x300.jpg","type":"","width":"","height":""}],"twitter_card":"summary_large_image","twitter_misc":{"Gesch\u00e4tzte Lesezeit":"1\u00a0Minute"},"schema":{"@context":"https:\/\/schema.org","@graph":[{"@type":"WebPage","@id":"http:\/\/www.yachttransfer.eu\/1703\/skipperteam\/ueberstellung\/erich\/","url":"http:\/\/www.yachttransfer.eu\/1703\/skipperteam\/ueberstellung\/erich\/","name":"Erich -","isPartOf":{"@id":"http:\/\/www.yachttransfer.eu\/1703\/#website"},"primaryImageOfPage":{"@id":"http:\/\/www.yachttransfer.eu\/1703\/skipperteam\/ueberstellung\/erich\/#primaryimage"},"image":{"@id":"http:\/\/www.yachttransfer.eu\/1703\/skipperteam\/ueberstellung\/erich\/#primaryimage"},"thumbnailUrl":"http:\/\/www.yachttransfer.eu\/1703\/wp-content\/uploads\/2020\/01\/Erich3-231x300.jpg","datePublished":"2020-01-07T08:54:41+00:00","dateModified":"2020-01-07T09:00:24+00:00","breadcrumb":{"@id":"http:\/\/www.yachttransfer.eu\/1703\/skipperteam\/ueberstellung\/erich\/#breadcrumb"},"inLanguage":"de","potentialAction":[{"@type":"ReadAction","target":["http:\/\/www.yachttransfer.eu\/1703\/skipperteam\/ueberstellung\/erich\/"]}]},{"@type":"ImageObject","inLanguage":"de","@id":"http:\/\/www.yachttransfer.eu\/1703\/skipperteam\/ueberstellung\/erich\/#primaryimage","url":"http:\/\/www.yachttransfer.eu\/1703\/wp-content\/uploads\/2020\/01\/Erich3.jpg","contentUrl":"http:\/\/www.yachttransfer.eu\/1703\/wp-content\/uploads\/2020\/01\/Erich3.jpg","width":323,"height":419},{"@type":"BreadcrumbList","@id":"http:\/\/www.yachttransfer.eu\/1703\/skipperteam\/ueberstellung\/erich\/#breadcrumb","itemListElement":[{"@type":"ListItem","position":1,"name":"Startseite","item":"http:\/\/www.yachttransfer.eu\/1703\/"},{"@type":"ListItem","position":2,"name":"\u00dcber uns","item":"https:\/\/www.yachttransfer.eu\/1703\/skipperteam\/"},{"@type":"ListItem","position":3,"name":"Das Team","item":"http:\/\/www.yachttransfer.eu\/1703\/skipperteam\/ueberstellung\/"},{"@type":"ListItem","position":4,"name":"Erich"}]},{"@type":"WebSite","@id":"http:\/\/www.yachttransfer.eu\/1703\/#website","url":"http:\/\/www.yachttransfer.eu\/1703\/","name":"","description":"","potentialAction":[{"@type":"SearchAction","target":{"@type":"EntryPoint","urlTemplate":"http:\/\/www.yachttransfer.eu\/1703\/?s={search_term_string}"},"query-input":{"@type":"PropertyValueSpecification","valueRequired":true,"valueName":"search_term_string"}}],"inLanguage":"de"}]}},"_links":{"self":[{"href":"http:\/\/www.yachttransfer.eu\/1703\/wp-json\/wp\/v2\/pages\/782","targetHints":{"allow":["GET"]}}],"collection":[{"href":"http:\/\/www.yachttransfer.eu\/1703\/wp-json\/wp\/v2\/pages"}],"about":[{"href":"http:\/\/www.yachttransfer.eu\/1703\/wp-json\/wp\/v2\/types\/page"}],"author":[{"embeddable":true,"href":"http:\/\/www.yachttransfer.eu\/1703\/wp-json\/wp\/v2\/users\/1"}],"replies":[{"embeddable":true,"href":"http:\/\/www.yachttransfer.eu\/1703\/wp-json\/wp\/v2\/comments?post=782"}],"version-history":[{"count":4,"href":"http:\/\/www.yachttransfer.eu\/1703\/wp-json\/wp\/v2\/pages\/782\/revisions"}],"predecessor-version":[{"id":788,"href":"http:\/\/www.yachttransfer.eu\/1703\/wp-json\/wp\/v2\/pages\/782\/revisions\/788"}],"up":[{"embeddable":true,"href":"http:\/\/www.yachttransfer.eu\/1703\/wp-json\/wp\/v2\/pages\/128"}],"wp:attachment":[{"href":"http:\/\/www.yachttransfer.eu\/1703\/wp-json\/wp\/v2\/media?parent=782"}],"curies":[{"name":"wp","href":"https:\/\/api.w.org\/{rel}","templated":true}]}}