{"id":49,"date":"2017-02-21T15:27:16","date_gmt":"2017-02-21T14:27:16","guid":{"rendered":"http:\/\/www.yachttransfer.eu\/1703\/?page_id=49"},"modified":"2022-12-16T10:43:37","modified_gmt":"2022-12-16T09:43:37","slug":"yachtdelivery-ueberstellungen","status":"publish","type":"page","link":"http:\/\/www.yachttransfer.eu\/1703\/skipperteam\/ueberstellung\/yachtdelivery-ueberstellungen\/","title":{"rendered":"Christian"},"content":{"rendered":"<p><img loading=\"lazy\" decoding=\"async\" class=\"size-medium wp-image-51 alignright\" src=\"http:\/\/www.yachttransfer.eu\/1703\/wp-content\/uploads\/2017\/02\/CWS-135_3-235x300.jpg\" alt=\"\" width=\"235\" height=\"300\" srcset=\"http:\/\/www.yachttransfer.eu\/1703\/wp-content\/uploads\/2017\/02\/CWS-135_3-235x300.jpg 235w, http:\/\/www.yachttransfer.eu\/1703\/wp-content\/uploads\/2017\/02\/CWS-135_3-768x980.jpg 768w, http:\/\/www.yachttransfer.eu\/1703\/wp-content\/uploads\/2017\/02\/CWS-135_3-802x1024.jpg 802w, http:\/\/www.yachttransfer.eu\/1703\/wp-content\/uploads\/2017\/02\/CWS-135_3.jpg 887w\" sizes=\"auto, (max-width: 235px) 100vw, 235px\" \/>Christian ist Projektmanager und Skipper bei YACHTtransfer. Planung und konsequente Umsetzung sind in seinem beruflichen Leben als Unternehmensberater ein Schl\u00fcsselerfolgsfaktor. Das leistet er auch f\u00fcr YACHTtransfer: vom passage planning bis zum Man\u00f6ver an Bord.<\/p>\n<p><span style=\"color: #003366;\"><strong>Erfahrung und Berechtigung<br \/>\n<\/strong>(Education and certificates)<br \/>\n<\/span>&#8211; RYA Yachtmaster Offshore<br \/>\n&#8211; RYA Instructor<br \/>\n&#8211; IC International Certificate\u00a0 &#8211; Sail &amp; Power FB4 (no limits)<br \/>\n&#8211; YCA Sailing Instructor Offshore<br \/>\n&#8211; SRC, LRC<br \/>\n&#8211; ISAF Offshore Personal Survival Training 2017<br \/>\n&#8211; Skipper Medic Advanced<br \/>\n&#8211; Schwerwettertraining<br \/>\n&#8211; Sailing in tidal waters<br \/>\n&#8211; ICC Inland Waterways\/ Wasserstrassen 20m<br \/>\n&#8211; Pyrotechnik Berechtigung (P2)<\/p>\n<p>&nbsp;<\/p>\n<p>\u00fcber 15.000\u00a0 sm, davon ca 5800 in Tidengew\u00e4ssern,<br \/>\n81 Nachtfahrten, 50 Nachtansteuerungen, 3 x Channel Crossing, 3 Atlantikpassagen (European North Atlantic)<\/p>\n<p><span style=\"color: #003366;\"><strong>\u00a0MOTTO:<\/strong><\/span><\/p>\n<p style=\"text-align: center;\"><span style=\"color: #008000;\"><strong>In der Ruhe liegt die Kraft<\/strong><\/span><\/p>\n<p><span style=\"color: #003366;\"><strong>Brotberuf (Profession):<\/strong><\/span><\/p>\n<p class=\"entry-content clearfix\">Unternehmensberater (<a href=\"http:\/\/www.tebis.at\" target=\"_blank\" rel=\"noopener noreferrer nofollow\" class=\"external\">TEBIS Unternehmensberatung GmbH<\/a>)<br \/>\nWirtschaftsmediator, Wirtschaftscoach<\/p>\n","protected":false},"excerpt":{"rendered":"<p>Christian ist Projektmanager und Skipper bei YACHTtransfer. Planung und konsequente Umsetzung sind in seinem beruflichen Leben als Unternehmensberater ein Schl\u00fcsselerfolgsfaktor. Das leistet er auch f\u00fcr YACHTtransfer: vom passage planning bis zum Man\u00f6ver an Bord. Erfahrung und Berechtigung (Education and certificates) &#8211; RYA Yachtmaster Offshore &#8211; RYA Instructor &#8211; IC International Certificate\u00a0 &#8211; Sail &amp; Power &hellip; <\/p>\n<p><a class=\"more-link btn\" href=\"http:\/\/www.yachttransfer.eu\/1703\/skipperteam\/ueberstellung\/yachtdelivery-ueberstellungen\/\">Weiterlesen<\/a><\/p>\n","protected":false},"author":1,"featured_media":0,"parent":128,"menu_order":1,"comment_status":"closed","ping_status":"closed","template":"","meta":{"footnotes":""},"class_list":["post-49","page","type-page","status-publish","hentry","nodate","item-wrap"],"yoast_head":"<!-- This site is optimized with the Yoast SEO plugin v27.5 - https:\/\/yoast.com\/product\/yoast-seo-wordpress\/ -->\n<title>Christian -<\/title>\n<meta name=\"description\" content=\"Christian Yachtdelivery \/ \u00dcberstellungen auf Basis eines professionellen passage planning sind Basis f\u00fcr eine erfolgreiche \u00dcberstellung\" \/>\n<meta name=\"robots\" content=\"index, follow, max-snippet:-1, max-image-preview:large, max-video-preview:-1\" \/>\n<link rel=\"canonical\" href=\"http:\/\/www.yachttransfer.eu\/1703\/skipperteam\/ueberstellung\/yachtdelivery-ueberstellungen\/\" \/>\n<meta property=\"og:locale\" content=\"de_DE\" \/>\n<meta property=\"og:type\" content=\"article\" \/>\n<meta property=\"og:title\" content=\"Christian -\" \/>\n<meta property=\"og:description\" content=\"Christian Yachtdelivery \/ \u00dcberstellungen auf Basis eines professionellen passage planning sind Basis f\u00fcr eine erfolgreiche \u00dcberstellung\" \/>\n<meta property=\"og:url\" content=\"http:\/\/www.yachttransfer.eu\/1703\/skipperteam\/ueberstellung\/yachtdelivery-ueberstellungen\/\" \/>\n<meta property=\"article:modified_time\" content=\"2022-12-16T09:43:37+00:00\" \/>\n<meta property=\"og:image\" content=\"http:\/\/www.yachttransfer.eu\/1703\/wp-content\/uploads\/2017\/02\/CWS-135_3-235x300.jpg\" \/>\n<meta name=\"twitter:card\" content=\"summary_large_image\" \/>\n<meta name=\"twitter:label1\" content=\"Gesch\u00e4tzte Lesezeit\" \/>\n\t<meta name=\"twitter:data1\" content=\"1\u00a0Minute\" \/>\n<script type=\"application\/ld+json\" class=\"yoast-schema-graph\">{\"@context\":\"https:\\\/\\\/schema.org\",\"@graph\":[{\"@type\":\"WebPage\",\"@id\":\"http:\\\/\\\/www.yachttransfer.eu\\\/1703\\\/skipperteam\\\/ueberstellung\\\/yachtdelivery-ueberstellungen\\\/\",\"url\":\"http:\\\/\\\/www.yachttransfer.eu\\\/1703\\\/skipperteam\\\/ueberstellung\\\/yachtdelivery-ueberstellungen\\\/\",\"name\":\"Christian -\",\"isPartOf\":{\"@id\":\"http:\\\/\\\/www.yachttransfer.eu\\\/1703\\\/#website\"},\"primaryImageOfPage\":{\"@id\":\"http:\\\/\\\/www.yachttransfer.eu\\\/1703\\\/skipperteam\\\/ueberstellung\\\/yachtdelivery-ueberstellungen\\\/#primaryimage\"},\"image\":{\"@id\":\"http:\\\/\\\/www.yachttransfer.eu\\\/1703\\\/skipperteam\\\/ueberstellung\\\/yachtdelivery-ueberstellungen\\\/#primaryimage\"},\"thumbnailUrl\":\"http:\\\/\\\/www.yachttransfer.eu\\\/1703\\\/wp-content\\\/uploads\\\/2017\\\/02\\\/CWS-135_3-235x300.jpg\",\"datePublished\":\"2017-02-21T14:27:16+00:00\",\"dateModified\":\"2022-12-16T09:43:37+00:00\",\"description\":\"Christian Yachtdelivery \\\/ \u00dcberstellungen auf Basis eines professionellen passage planning sind Basis f\u00fcr eine erfolgreiche \u00dcberstellung\",\"breadcrumb\":{\"@id\":\"http:\\\/\\\/www.yachttransfer.eu\\\/1703\\\/skipperteam\\\/ueberstellung\\\/yachtdelivery-ueberstellungen\\\/#breadcrumb\"},\"inLanguage\":\"de\",\"potentialAction\":[{\"@type\":\"ReadAction\",\"target\":[\"http:\\\/\\\/www.yachttransfer.eu\\\/1703\\\/skipperteam\\\/ueberstellung\\\/yachtdelivery-ueberstellungen\\\/\"]}]},{\"@type\":\"ImageObject\",\"inLanguage\":\"de\",\"@id\":\"http:\\\/\\\/www.yachttransfer.eu\\\/1703\\\/skipperteam\\\/ueberstellung\\\/yachtdelivery-ueberstellungen\\\/#primaryimage\",\"url\":\"http:\\\/\\\/www.yachttransfer.eu\\\/1703\\\/wp-content\\\/uploads\\\/2017\\\/02\\\/CWS-135_3.jpg\",\"contentUrl\":\"http:\\\/\\\/www.yachttransfer.eu\\\/1703\\\/wp-content\\\/uploads\\\/2017\\\/02\\\/CWS-135_3.jpg\",\"width\":887,\"height\":1132},{\"@type\":\"BreadcrumbList\",\"@id\":\"http:\\\/\\\/www.yachttransfer.eu\\\/1703\\\/skipperteam\\\/ueberstellung\\\/yachtdelivery-ueberstellungen\\\/#breadcrumb\",\"itemListElement\":[{\"@type\":\"ListItem\",\"position\":1,\"name\":\"Startseite\",\"item\":\"http:\\\/\\\/www.yachttransfer.eu\\\/1703\\\/\"},{\"@type\":\"ListItem\",\"position\":2,\"name\":\"\u00dcber uns\",\"item\":\"http:\\\/\\\/www.yachttransfer.eu\\\/1703\\\/skipperteam\\\/\"},{\"@type\":\"ListItem\",\"position\":3,\"name\":\"Das Team\",\"item\":\"http:\\\/\\\/www.yachttransfer.eu\\\/1703\\\/skipperteam\\\/ueberstellung\\\/\"},{\"@type\":\"ListItem\",\"position\":4,\"name\":\"Christian\"}]},{\"@type\":\"WebSite\",\"@id\":\"http:\\\/\\\/www.yachttransfer.eu\\\/1703\\\/#website\",\"url\":\"http:\\\/\\\/www.yachttransfer.eu\\\/1703\\\/\",\"name\":\"\",\"description\":\"\",\"potentialAction\":[{\"@type\":\"SearchAction\",\"target\":{\"@type\":\"EntryPoint\",\"urlTemplate\":\"http:\\\/\\\/www.yachttransfer.eu\\\/1703\\\/?s={search_term_string}\"},\"query-input\":{\"@type\":\"PropertyValueSpecification\",\"valueRequired\":true,\"valueName\":\"search_term_string\"}}],\"inLanguage\":\"de\"}]}<\/script>\n<!-- \/ Yoast SEO plugin. -->","yoast_head_json":{"title":"Christian -","description":"Christian Yachtdelivery \/ \u00dcberstellungen auf Basis eines professionellen passage planning sind Basis f\u00fcr eine erfolgreiche \u00dcberstellung","robots":{"index":"index","follow":"follow","max-snippet":"max-snippet:-1","max-image-preview":"max-image-preview:large","max-video-preview":"max-video-preview:-1"},"canonical":"http:\/\/www.yachttransfer.eu\/1703\/skipperteam\/ueberstellung\/yachtdelivery-ueberstellungen\/","og_locale":"de_DE","og_type":"article","og_title":"Christian -","og_description":"Christian Yachtdelivery \/ \u00dcberstellungen auf Basis eines professionellen passage planning sind Basis f\u00fcr eine erfolgreiche \u00dcberstellung","og_url":"http:\/\/www.yachttransfer.eu\/1703\/skipperteam\/ueberstellung\/yachtdelivery-ueberstellungen\/","article_modified_time":"2022-12-16T09:43:37+00:00","og_image":[{"url":"http:\/\/www.yachttransfer.eu\/1703\/wp-content\/uploads\/2017\/02\/CWS-135_3-235x300.jpg","type":"","width":"","height":""}],"twitter_card":"summary_large_image","twitter_misc":{"Gesch\u00e4tzte Lesezeit":"1\u00a0Minute"},"schema":{"@context":"https:\/\/schema.org","@graph":[{"@type":"WebPage","@id":"http:\/\/www.yachttransfer.eu\/1703\/skipperteam\/ueberstellung\/yachtdelivery-ueberstellungen\/","url":"http:\/\/www.yachttransfer.eu\/1703\/skipperteam\/ueberstellung\/yachtdelivery-ueberstellungen\/","name":"Christian -","isPartOf":{"@id":"http:\/\/www.yachttransfer.eu\/1703\/#website"},"primaryImageOfPage":{"@id":"http:\/\/www.yachttransfer.eu\/1703\/skipperteam\/ueberstellung\/yachtdelivery-ueberstellungen\/#primaryimage"},"image":{"@id":"http:\/\/www.yachttransfer.eu\/1703\/skipperteam\/ueberstellung\/yachtdelivery-ueberstellungen\/#primaryimage"},"thumbnailUrl":"http:\/\/www.yachttransfer.eu\/1703\/wp-content\/uploads\/2017\/02\/CWS-135_3-235x300.jpg","datePublished":"2017-02-21T14:27:16+00:00","dateModified":"2022-12-16T09:43:37+00:00","description":"Christian Yachtdelivery \/ \u00dcberstellungen auf Basis eines professionellen passage planning sind Basis f\u00fcr eine erfolgreiche \u00dcberstellung","breadcrumb":{"@id":"http:\/\/www.yachttransfer.eu\/1703\/skipperteam\/ueberstellung\/yachtdelivery-ueberstellungen\/#breadcrumb"},"inLanguage":"de","potentialAction":[{"@type":"ReadAction","target":["http:\/\/www.yachttransfer.eu\/1703\/skipperteam\/ueberstellung\/yachtdelivery-ueberstellungen\/"]}]},{"@type":"ImageObject","inLanguage":"de","@id":"http:\/\/www.yachttransfer.eu\/1703\/skipperteam\/ueberstellung\/yachtdelivery-ueberstellungen\/#primaryimage","url":"http:\/\/www.yachttransfer.eu\/1703\/wp-content\/uploads\/2017\/02\/CWS-135_3.jpg","contentUrl":"http:\/\/www.yachttransfer.eu\/1703\/wp-content\/uploads\/2017\/02\/CWS-135_3.jpg","width":887,"height":1132},{"@type":"BreadcrumbList","@id":"http:\/\/www.yachttransfer.eu\/1703\/skipperteam\/ueberstellung\/yachtdelivery-ueberstellungen\/#breadcrumb","itemListElement":[{"@type":"ListItem","position":1,"name":"Startseite","item":"http:\/\/www.yachttransfer.eu\/1703\/"},{"@type":"ListItem","position":2,"name":"\u00dcber uns","item":"http:\/\/www.yachttransfer.eu\/1703\/skipperteam\/"},{"@type":"ListItem","position":3,"name":"Das Team","item":"http:\/\/www.yachttransfer.eu\/1703\/skipperteam\/ueberstellung\/"},{"@type":"ListItem","position":4,"name":"Christian"}]},{"@type":"WebSite","@id":"http:\/\/www.yachttransfer.eu\/1703\/#website","url":"http:\/\/www.yachttransfer.eu\/1703\/","name":"","description":"","potentialAction":[{"@type":"SearchAction","target":{"@type":"EntryPoint","urlTemplate":"http:\/\/www.yachttransfer.eu\/1703\/?s={search_term_string}"},"query-input":{"@type":"PropertyValueSpecification","valueRequired":true,"valueName":"search_term_string"}}],"inLanguage":"de"}]}},"_links":{"self":[{"href":"http:\/\/www.yachttransfer.eu\/1703\/wp-json\/wp\/v2\/pages\/49","targetHints":{"allow":["GET"]}}],"collection":[{"href":"http:\/\/www.yachttransfer.eu\/1703\/wp-json\/wp\/v2\/pages"}],"about":[{"href":"http:\/\/www.yachttransfer.eu\/1703\/wp-json\/wp\/v2\/types\/page"}],"author":[{"embeddable":true,"href":"http:\/\/www.yachttransfer.eu\/1703\/wp-json\/wp\/v2\/users\/1"}],"replies":[{"embeddable":true,"href":"http:\/\/www.yachttransfer.eu\/1703\/wp-json\/wp\/v2\/comments?post=49"}],"version-history":[{"count":41,"href":"http:\/\/www.yachttransfer.eu\/1703\/wp-json\/wp\/v2\/pages\/49\/revisions"}],"predecessor-version":[{"id":984,"href":"http:\/\/www.yachttransfer.eu\/1703\/wp-json\/wp\/v2\/pages\/49\/revisions\/984"}],"up":[{"embeddable":true,"href":"http:\/\/www.yachttransfer.eu\/1703\/wp-json\/wp\/v2\/pages\/128"}],"wp:attachment":[{"href":"http:\/\/www.yachttransfer.eu\/1703\/wp-json\/wp\/v2\/media?parent=49"}],"curies":[{"name":"wp","href":"https:\/\/api.w.org\/{rel}","templated":true}]}}