{"id":20,"date":"2017-02-21T14:45:34","date_gmt":"2017-02-21T13:45:34","guid":{"rendered":"http:\/\/www.yachttransfer.eu\/1703\/?page_id=20"},"modified":"2022-08-15T22:42:25","modified_gmt":"2022-08-15T20:42:25","slug":"transfer-services","status":"publish","type":"page","link":"http:\/\/www.yachttransfer.eu\/1703\/transfer-services\/","title":{"rendered":"Transfer-Services"},"content":{"rendered":"<h1><span style=\"color: #003366;\">Transfer-Services<\/span><\/h1>\n<h2><span style=\"color: #003366;\"><strong>Ihre Zeit ist kostbar \u2013 Wir bringen Ihnen Ihre Yacht<\/strong><\/span><\/h2>\n<h3>\u00b7\u00a0\u00a0\u00a0\u00a0\u00a0\u00a0<a href=\"http:\/\/www.yachttransfer.eu\/1703\/transfer-services\/skipper-crew-auf-zeit\/\">\u00a0 <span style=\"color: #003366;\"><strong>In ein neues Revier<\/strong><\/span><\/a><\/h3>\n<p>Sie wollen einen Urlaub in einem neuen Revier verbringen oder brauchen eine \u00dcberstellung an den Startort einer Regatta. No Problem, unsere Transfer-Services bringen Ihr Schiff p\u00fcnktlich in Ihr Wunschrevier und danach auch wieder zur\u00fcck.<br \/>\nZuverl\u00e4ssig, sorgsam und schonend.<br \/>\nEntweder mit einer kleinen, erfahrenen Proficrew oder kostenoptimiert f\u00fcr den Eigner, als \u00dcberf\u00fchrungschartert\u00f6rn unter professioneller Leitung.<\/p>\n<h3>\u00b7\u00a0\u00a0\u00a0\u00a0<span style=\"color: #003366;\">\u00a0\u00a0\u00a0\u00a0<a href=\"http:\/\/www.yachttransfer.eu\/1703\/skippercoaching\/\"><strong> Assistenz bei Ihrer \u00dcberstellung<\/strong><\/a><\/span><\/h3>\n<p>Sie segeln gerne selbst , m\u00f6chten aber Unterst\u00fctzung? Wir unterst\u00fctzen Sie gerne als Co-Skipper und\/oder Crew und stehen mit Erfahrung und Revierkenntnissen zu Ihrer Verf\u00fcgung.<\/p>\n<h3>\u00b7\u00a0\u00a0\u00a0\u00a0\u00a0\u00a0\u00a0\u00a0 <a href=\"http:\/\/www.yachttransfer.eu\/1703\/transfer-services\/ueberstellung-yachttransfer-ob-monohull-katamaran-oder-motoryacht-wir-sind-ihr-partner\/\"><span style=\"color: #003366;\"><strong>R\u00fcck\u00fcberf\u00fchrung<\/strong><\/span><\/a><\/h3>\n<p>Der Urlaub ist vorbei oder sie mussten diesen unerwartet abbrechen. Sie m\u00fcssen sich wieder um Ihre gesch\u00e4ftlichen Angelegenheiten k\u00fcmmern. Wir bringen Ihre Yacht sicher in den Heimathafen zur\u00fcck. Bereit f\u00fcr ihren n\u00e4chsten T\u00f6rn.<\/p>\n<h3>\u00b7\u00a0\u00a0\u00a0\u00a0<span style=\"color: #003366;\">\u00a0\u00a0\u00a0\u00a0<a href=\"http:\/\/www.yachttransfer.eu\/1703\/home-english-version\/services\/project-management\/\"><strong> Ab Werft<\/strong><\/a><\/span><\/h3>\n<p>Sie freuen sich \u00fcber Ihr neues Schiff. Wir bringen es sicher in Ihren Heimathafen.<\/p>\n<h3><span style=\"color: #003366;\"><strong>Area of Operation:<\/strong><\/span><\/h3>\n<p>\u00b7\u00a0\u00a0\u00a0\u00a0\u00a0\u00a0\u00a0 Nordatlantik (North Atlantic)<br \/>\n.\u00a0\u00a0\u00a0\u00a0\u00a0\u00a0\u00a0 Kanarische Inseln (Teneriffa, Gran Canaria, Fuerteventura, Lanzarote) &amp; Kapverden<br \/>\n\u00b7\u00a0\u00a0\u00a0\u00a0\u00a0\u00a0\u00a0 Mittelmeer (Mediterranean Sea)<\/p>\n","protected":false},"excerpt":{"rendered":"<p>Transfer-Services Ihre Zeit ist kostbar \u2013 Wir bringen Ihnen Ihre Yacht \u00b7\u00a0\u00a0\u00a0\u00a0\u00a0\u00a0\u00a0 In ein neues Revier Sie wollen einen Urlaub in einem neuen Revier verbringen oder brauchen eine \u00dcberstellung an den Startort einer Regatta. No Problem, unsere Transfer-Services bringen Ihr Schiff p\u00fcnktlich in Ihr Wunschrevier und danach auch wieder zur\u00fcck. Zuverl\u00e4ssig, sorgsam und schonend. Entweder &hellip; <\/p>\n<p><a class=\"more-link btn\" href=\"http:\/\/www.yachttransfer.eu\/1703\/transfer-services\/\">Weiterlesen<\/a><\/p>\n","protected":false},"author":1,"featured_media":0,"parent":0,"menu_order":3,"comment_status":"closed","ping_status":"closed","template":"","meta":{"footnotes":""},"class_list":["post-20","page","type-page","status-publish","hentry","nodate","item-wrap"],"yoast_head":"<!-- This site is optimized with the Yoast SEO plugin v27.5 - https:\/\/yoast.com\/product\/yoast-seo-wordpress\/ -->\n<title>Transfer-Services - \u00dcberstellung von Yachten - Europa &amp; Atlantik<\/title>\n<meta name=\"description\" content=\"Transfer-Services, \u00dcberstellung, Yacht delivery, Skipper; Crew; \u00dcberf\u00fchrung von Yachten, Yachttransfer, Vermittlung von Skippern, Skipper auf Zeit,\" \/>\n<meta name=\"robots\" content=\"index, follow, max-snippet:-1, max-image-preview:large, max-video-preview:-1\" \/>\n<link rel=\"canonical\" href=\"http:\/\/www.yachttransfer.eu\/1703\/transfer-services\/\" \/>\n<meta property=\"og:locale\" content=\"de_DE\" \/>\n<meta property=\"og:type\" content=\"article\" \/>\n<meta property=\"og:title\" content=\"Transfer-Services - \u00dcberstellung von Yachten - Europa &amp; Atlantik\" \/>\n<meta property=\"og:description\" content=\"Transfer-Services, \u00dcberstellung, Yacht delivery, Skipper; Crew; \u00dcberf\u00fchrung von Yachten, Yachttransfer, Vermittlung von Skippern, Skipper auf Zeit,\" \/>\n<meta property=\"og:url\" content=\"http:\/\/www.yachttransfer.eu\/1703\/transfer-services\/\" \/>\n<meta property=\"article:modified_time\" content=\"2022-08-15T20:42:25+00:00\" \/>\n<meta name=\"twitter:card\" content=\"summary_large_image\" \/>\n<meta name=\"twitter:label1\" content=\"Gesch\u00e4tzte Lesezeit\" \/>\n\t<meta name=\"twitter:data1\" content=\"1\u00a0Minute\" \/>\n<script type=\"application\/ld+json\" class=\"yoast-schema-graph\">{\"@context\":\"https:\\\/\\\/schema.org\",\"@graph\":[{\"@type\":\"WebPage\",\"@id\":\"http:\\\/\\\/www.yachttransfer.eu\\\/1703\\\/transfer-services\\\/\",\"url\":\"http:\\\/\\\/www.yachttransfer.eu\\\/1703\\\/transfer-services\\\/\",\"name\":\"Transfer-Services - \u00dcberstellung von Yachten - Europa & Atlantik\",\"isPartOf\":{\"@id\":\"https:\\\/\\\/www.yachttransfer.eu\\\/1703\\\/#website\"},\"datePublished\":\"2017-02-21T13:45:34+00:00\",\"dateModified\":\"2022-08-15T20:42:25+00:00\",\"description\":\"Transfer-Services, \u00dcberstellung, Yacht delivery, Skipper; Crew; \u00dcberf\u00fchrung von Yachten, Yachttransfer, Vermittlung von Skippern, Skipper auf Zeit,\",\"breadcrumb\":{\"@id\":\"http:\\\/\\\/www.yachttransfer.eu\\\/1703\\\/transfer-services\\\/#breadcrumb\"},\"inLanguage\":\"de\",\"potentialAction\":[{\"@type\":\"ReadAction\",\"target\":[\"http:\\\/\\\/www.yachttransfer.eu\\\/1703\\\/transfer-services\\\/\"]}]},{\"@type\":\"BreadcrumbList\",\"@id\":\"http:\\\/\\\/www.yachttransfer.eu\\\/1703\\\/transfer-services\\\/#breadcrumb\",\"itemListElement\":[{\"@type\":\"ListItem\",\"position\":1,\"name\":\"Startseite\",\"item\":\"https:\\\/\\\/www.yachttransfer.eu\\\/1703\\\/\"},{\"@type\":\"ListItem\",\"position\":2,\"name\":\"Transfer-Services\"}]},{\"@type\":\"WebSite\",\"@id\":\"https:\\\/\\\/www.yachttransfer.eu\\\/1703\\\/#website\",\"url\":\"https:\\\/\\\/www.yachttransfer.eu\\\/1703\\\/\",\"name\":\"\",\"description\":\"\",\"potentialAction\":[{\"@type\":\"SearchAction\",\"target\":{\"@type\":\"EntryPoint\",\"urlTemplate\":\"https:\\\/\\\/www.yachttransfer.eu\\\/1703\\\/?s={search_term_string}\"},\"query-input\":{\"@type\":\"PropertyValueSpecification\",\"valueRequired\":true,\"valueName\":\"search_term_string\"}}],\"inLanguage\":\"de\"}]}<\/script>\n<!-- \/ Yoast SEO plugin. -->","yoast_head_json":{"title":"Transfer-Services - \u00dcberstellung von Yachten - Europa & Atlantik","description":"Transfer-Services, \u00dcberstellung, Yacht delivery, Skipper; Crew; \u00dcberf\u00fchrung von Yachten, Yachttransfer, Vermittlung von Skippern, Skipper auf Zeit,","robots":{"index":"index","follow":"follow","max-snippet":"max-snippet:-1","max-image-preview":"max-image-preview:large","max-video-preview":"max-video-preview:-1"},"canonical":"http:\/\/www.yachttransfer.eu\/1703\/transfer-services\/","og_locale":"de_DE","og_type":"article","og_title":"Transfer-Services - \u00dcberstellung von Yachten - Europa & Atlantik","og_description":"Transfer-Services, \u00dcberstellung, Yacht delivery, Skipper; Crew; \u00dcberf\u00fchrung von Yachten, Yachttransfer, Vermittlung von Skippern, Skipper auf Zeit,","og_url":"http:\/\/www.yachttransfer.eu\/1703\/transfer-services\/","article_modified_time":"2022-08-15T20:42:25+00:00","twitter_card":"summary_large_image","twitter_misc":{"Gesch\u00e4tzte Lesezeit":"1\u00a0Minute"},"schema":{"@context":"https:\/\/schema.org","@graph":[{"@type":"WebPage","@id":"http:\/\/www.yachttransfer.eu\/1703\/transfer-services\/","url":"http:\/\/www.yachttransfer.eu\/1703\/transfer-services\/","name":"Transfer-Services - \u00dcberstellung von Yachten - Europa & Atlantik","isPartOf":{"@id":"https:\/\/www.yachttransfer.eu\/1703\/#website"},"datePublished":"2017-02-21T13:45:34+00:00","dateModified":"2022-08-15T20:42:25+00:00","description":"Transfer-Services, \u00dcberstellung, Yacht delivery, Skipper; Crew; \u00dcberf\u00fchrung von Yachten, Yachttransfer, Vermittlung von Skippern, Skipper auf Zeit,","breadcrumb":{"@id":"http:\/\/www.yachttransfer.eu\/1703\/transfer-services\/#breadcrumb"},"inLanguage":"de","potentialAction":[{"@type":"ReadAction","target":["http:\/\/www.yachttransfer.eu\/1703\/transfer-services\/"]}]},{"@type":"BreadcrumbList","@id":"http:\/\/www.yachttransfer.eu\/1703\/transfer-services\/#breadcrumb","itemListElement":[{"@type":"ListItem","position":1,"name":"Startseite","item":"https:\/\/www.yachttransfer.eu\/1703\/"},{"@type":"ListItem","position":2,"name":"Transfer-Services"}]},{"@type":"WebSite","@id":"https:\/\/www.yachttransfer.eu\/1703\/#website","url":"https:\/\/www.yachttransfer.eu\/1703\/","name":"","description":"","potentialAction":[{"@type":"SearchAction","target":{"@type":"EntryPoint","urlTemplate":"https:\/\/www.yachttransfer.eu\/1703\/?s={search_term_string}"},"query-input":{"@type":"PropertyValueSpecification","valueRequired":true,"valueName":"search_term_string"}}],"inLanguage":"de"}]}},"_links":{"self":[{"href":"http:\/\/www.yachttransfer.eu\/1703\/wp-json\/wp\/v2\/pages\/20","targetHints":{"allow":["GET"]}}],"collection":[{"href":"http:\/\/www.yachttransfer.eu\/1703\/wp-json\/wp\/v2\/pages"}],"about":[{"href":"http:\/\/www.yachttransfer.eu\/1703\/wp-json\/wp\/v2\/types\/page"}],"author":[{"embeddable":true,"href":"http:\/\/www.yachttransfer.eu\/1703\/wp-json\/wp\/v2\/users\/1"}],"replies":[{"embeddable":true,"href":"http:\/\/www.yachttransfer.eu\/1703\/wp-json\/wp\/v2\/comments?post=20"}],"version-history":[{"count":19,"href":"http:\/\/www.yachttransfer.eu\/1703\/wp-json\/wp\/v2\/pages\/20\/revisions"}],"predecessor-version":[{"id":973,"href":"http:\/\/www.yachttransfer.eu\/1703\/wp-json\/wp\/v2\/pages\/20\/revisions\/973"}],"wp:attachment":[{"href":"http:\/\/www.yachttransfer.eu\/1703\/wp-json\/wp\/v2\/media?parent=20"}],"curies":[{"name":"wp","href":"https:\/\/api.w.org\/{rel}","templated":true}]}}